er?
False
Is 3393197 prime?
True
Is 5073718283 composite?
False
Is 1958969219 prime?
True
Is 11954216317 a prime number?
True
Is 4904387903 a prime number?
True
Is 5326282921 composite?
False
Is 26591191637 prime?
False
Is 106287213691 a prime number?
True
Is 9369514391 composite?
False
Is 1575815701 prime?
True
Is 259126787 a prime number?
True
Is 465888089 a prime number?
True
Is 2188990297 a prime number?
False
Is 71513383 a composite number?
False
Is 1789093165 a composite number?
True
Is 94031702447 composite?
True
Is 6449710679 prime?
True
Is 140781349 prime?
True
Is 197843082407 a composite number?
False
Is 1539961651 composite?
True
Is 640323913 prime?
True
Is 633911597 composite?
True
Is 1478441845 a composite number?
True
Is 37965163871 composite?
True
Is 1251827809 a prime number?
False
Is 98574689 a prime number?
True
Is 90745166261 prime?
True
Is 3419777969 composite?
False
Is 19640007337 a composite number?
True
Is 22206366218 a composite number?
True
Is 22032625669 prime?
True
Is 58893597299 prime?
False
Is 136595027 composite?
False
Is 150957971 composite?
True
Is 7901072581 composite?
False
Is 1330361213 composite?
True
Is 34290187469 composite?
False
Is 1177967953 a prime number?
False
Is 102016495307 a prime number?
False
Is 559666007 prime?
False
Is 170423717 prime?
True
Is 1514689213 prime?
False
Is 1110280079 composite?
True
Is 34139856617 a composite number?
False
Is 81238350355 a composite number?
True
Is 678122281 composite?
False
Is 975777403 composite?
True
Is 3236845127 a composite number?
False
Is 421930937 prime?
False
Is 29917257157 a prime number?
False
Is 22003684301 a composite number?
False
Is 152650597133 prime?
True
Is 2601423089 composite?
False
Is 10510502491 a prime number?
True
Is 1483442047 prime?
True
Is 166650131 a composite number?
True
Is 18066769639 prime?
True
Is 2099539913 composite?
True
Is 202675969 prime?
False
Is 54488634229 prime?
False
Is 612332531 a composite number?
False
Is 4836138961 a composite number?
False
Is 8345249223 prime?
False
Is 23877737021 prime?
True
Is 1154782777 a prime number?
False
Is 251231447 a composite number?
False
Is 118003651211 a composite number?
False
Is 1911364949 a composite number?
True
Is 55425413291 composite?
True
Is 22862411413 a composite number?
True
Is 43304433791 prime?
True
Is 211538249491 composite?
True
Is 449172781 prime?
True
Is 52336637 prime?
False
Is 74764830641 composite?
False
Is 616793314823 composite?
True
Is 177309752743 a prime number?
True
Is 13823421 a prime number?
False
Is 4802847022 a composite number?
True
Is 12819017657 a composite number?
True
Is 24481526981 composite?
False
Is 13336182371 composite?
True
Is 582393671 prime?
True
Is 184390121 a prime number?
True
Is 75201617 a composite number?
False
Is 3875621669 prime?
False
Is 457877327 composite?
False
Is 3296637133 a prime number?
False
Is 327367199 composite?
False
Is 308159227 a prime number?
True
Is 39897901385 a composite number?
True
Is 275544966353 a composite number?
True
Is 949954287 a composite number?
True
Is 3697554559 composite?
True
Is 175825531841 prime?
True
Is 1232067101 a composite number?
True
Is 52664125069 composite?
True
Is 5689289137 composite?
True
Is 288728173 a prime number?
False
Is 824798041 prime?
True
Is 106614773 composite?
False
Is 3775787591 composite?
True
Is 2348255527 a composite number?
True
Is 16790936831 composite?
True
Is 62791680673 a prime number?
True
Is 15903729274 a composite number?
True
Is 1686247439 prime?
True
Is 618109111 a composite number?
False
Is 4460407331 prime?
True
Is 2187703709 a composite number?
True
Is 22787925803 a prime number?
False
Is 1548645599 composite?
True
Is 38466866041 prime?
True
Is 2334956419 a composite number?
True
Is 4817864393 composite?
False
Is 37323514743 composite?
True
Is 328271231 composite?
False
Is 613698559 a composite number?
False
Is 17550753071 a composite number?
True
Is 14584665223 composite?
True
Is 590726533 prime?
True
Is 6420519899 prime?
False
Is 5292765421 a prime number?
False
Is 213737179 composite?
True
Is 3083069441 a composite number?
False
Is 29167778359 a prime number?
True
Is 76886363 composite?
False
Is 2403062827 prime?
False
Is 18381823231 a composite number?
False
Is 824293313 a composite number?
False
Is 4955216351 a prime number?
False
Is 52997119027 a prime number?
False
Is 1548662419 composite?
False
Is 4030268023 composite?
True
Is 230563849 a composite number?
False
Is 2879662711 a composite number?
True
Is 120481832253 prime?
False
Is 140516107009 a composite number?
True
Is 14045819 a composite number?
True
Is 481466827 composite?
False
Is 131695943 a prime number?
True
Is 685653307 prime?
False
Is 5438921993 composite?
False
Is 373349773 a composite number?
True
Is 141210809 prime?
True
Is 494695931 prime?
True
Is 72731257153 composite?
True
Is 695541761 a prime number?
False
Is 2446660547 composite?
False
Is 1135000483 composite?
True
Is 38225112421 a composite number?
True
Is 1550070853 a composite number?
False
Is 24046032651 a composite number?
True
Is 44400538291 a prime number?
True
Is 2570701487 a prime number?
True
Is 5735209763 a prime number?
True
Is 8832189419 a prime number?
False
Is 2598367441 prime?
True
Is 22850297383 a prime number?
False
Is 159334249 composite?
False
Is 81361371979 composite?
True
Is 3530539289 prime?
True
Is 1179946477 a composite number?
False
Is 11408842147 a composite number?
True
Is 16477831963 composite?
False
Is 7587557735 a prime number?
False
Is 5212493213 composite?
False
Is 210962351 prime?
True
Is 351312811 a composite number?
False
Is 498670639 composite?
True
Is 27651206203 a prime number?
True
Is 23998080257 prime?
False
Is 26671961221 a composite number?
True
Is 1350971809 composite?
True
Is 1658372033 a prime number?
True
Is 18060817927 prime?
True
Is 48819559 composite?
False
Is 2011703 a composite number?
False
Is 55964787 prime?
False
Is 118878698899 composite?
False
Is 3815169879 a composite number?
True
Is 22448446 a prime number?
False
Is 3359100047 prime?
True
Is 39098138887 composite?
False
Is 3368593439 a composite number?
True
Is 10238902237 prime?
True
Is 114170573 composite?
True
Is 216750571 a composite number?
False
Is 906173207 prime?
False
Is 2013657874 prime?
False
Is 3141830003 composite?
True
Is 38796997 prime?
False
Is 198051816239 prime?
True
Is 593111423 composite?
False
Is 280432114 prime?
False
Is 11755934679 composite?
True
Is 107276563 a composite number?
False
Is 6459279257 composite?
True
Is 1861425817 prime?
False
Is 5006739809 a composite number?
True
Is 53114968979 prime?
True
Is 11273184773 a composite number?
False
Is 2356873447 a composite number?
False
Is 8951799453 composite?
True
Is 931264469 a composite number?
False
Is 5224891451 a prime number?
False
Is 34808006621 a composite number?
False
Is 8588290267 a prime number?
True
Is 37930166357 prime?
False
Is 11095387 a prime number?
False
Is 4685609461 a composite number?
True
Is 14866919 composite?
False
Is 3276038 a prime number?
False
Is 99048641 a prime number?
True
Is 16641772001 a prime number?
True
Is 2088152669 a composite number?
True
Is 23565991 prime?
False
Is 262849831 composite?
False
Is 10948111919 composite?
True
Is 14842549621 composite?
False
Is 317719261 a prime number?
True
Is 1037841361 composite?
False
Is 70900421737 prime?
False
Is 97698113 a composite number?
False
Is 7177871047 prime?
True
Is 17128439081 a composite number?
True
Is 4479661 prime?
True
Is 1367679067 a prime number?
True
Is 3989296001 a prime number?
True
Is 126986721 prime?
False
Is 57891596449 a composite number?
True
Is 9291959335 a composite number?
True
Is 758991773 a prime number?
True
Is 19971801617 prime?
False
Is 1875590201 a prime number?
True
Is 10183446451 prime?
False
Is 338535954161 a prime number?
True
Is 17719570241 composite?
True
Is 47197487077 a prime number?
False
Is 2578825253 composite?
False
Is 2903260879 a composite number?
False
Is 264636583 a composite number?
False
Is 160077131 a prime number?
True
Is 76719999767 prime?
False
Is 528218939 a composite number?
False
Is 78540955817 prime?
True
Is 529747698477 prime?
False
Is 37926950147 a composite number?
True
Is 17765547823 prime?
True
Is 151310657 a 